ue
Is 10213 prime?
False
Is 1309501 prime?
True
Is 16773 composite?
True
Is 40031 a composite number?
False
Is 328247 composite?
True
Is 3143 prime?
False
Is 179 prime?
True
Is 1964135 prime?
False
Is 236297 composite?
False
Is 3314 prime?
False
Is 2333 a composite number?
False
Is 187613 composite?
True
Is 26557 a composite number?
False
Is 161981 composite?
True
Is 8509 composite?
True
Is 2429 a composite number?
True
Is 47305 a composite number?
True
Is 19571 a composite number?
False
Is 44815 a prime number?
False
Is 33661 a composite number?
True
Is 12853 composite?
False
Is 4721 a prime number?
True
Is 4159235 a prime number?
False
Is 266249 a composite number?
True
Is 661397 a prime number?
False
Is 9649 prime?
True
Is 65465 a prime number?
False
Is 1151 prime?
True
Is 1250545 composite?
True
Is 8501 composite?
False
Is 2335 prime?
False
Is 62459 a composite number?
False
Is 319843 composite?
True
Is 72591 composite?
True
Is 1361 a prime number?
True
Is 6839 composite?
True
Is 219871 a prime number?
True
Is 8707 composite?
False
Is 4643 prime?
True
Is 10018 composite?
True
Is 188165 composite?
True
Is 6163 a prime number?
True
Is 17657 a composite number?
False
Is 4014665 a composite number?
True
Is 526 composite?
True
Is 12938 a composite number?
True
Is 665139 prime?
False
Is 2531 a prime number?
True
Is 12791 composite?
False
Is 1259 a prime number?
True
Is 368079 composite?
True
Is 34031 composite?
False
Is 1830307 composite?
False
Is 548953 composite?
False
Is 1904273 a prime number?
False
Is 9533 a composite number?
False
Is 153407 prime?
True
Is 3643 a prime number?
True
Is 9523 a prime number?
False
Is 18633 composite?
True
Is 1029563 a prime number?
True
Is 11521 a composite number?
True
Is 105289 composite?
True
Is 3625733 prime?
True
Is 56039 composite?
False
Is 17291 composite?
False
Is 1087 a composite number?
False
Is 154027 prime?
True
Is 266581 a composite number?
True
Is 101733 a composite number?
True
Is 70481 a prime number?
True
Is 334319 a prime number?
True
Is 23501 prime?
False
Is 44101 a composite number?
False
Is 48407 prime?
True
Is 1897021 a composite number?
True
Is 62599 a composite number?
True
Is 7279 prime?
False
Is 2153 a prime number?
True
Is 44741 prime?
True
Is 128047 a composite number?
False
Is 220501 prime?
False
Is 157957 prime?
False
Is 2581 prime?
False
Is 163919 a composite number?
True
Is 7989095 composite?
True
Is 7067 a prime number?
False
Is 293311 a composite number?
False
Is 180569 composite?
False
Is 34973 prime?
False
Is 77791 composite?
True
Is 91345 a prime number?
False
Is 43177 composite?
False
Is 493 composite?
True
Is 7661 prime?
False
Is 185291 prime?
True
Is 27971 composite?
True
Is 584419 prime?
False
Is 5906 composite?
True
Is 144899 a prime number?
True
Is 76591 a composite number?
True
Is 34981 a composite number?
False
Is 39481 a composite number?
True
Is 1254433 a composite number?
False
Is 53813 a prime number?
True
Is 73913 a composite number?
True
Is 13763 a composite number?
False
Is 2203 a composite number?
False
Is 12629 a prime number?
False
Is 75549 prime?
False
Is 50017 prime?
False
Is 1509727 prime?
True
Is 25829 composite?
True
Is 1741 a prime number?
True
Is 83537 prime?
True
Is 78331 prime?
False
Is 28559 composite?
False
Is 14669 composite?
False
Is 601703 a composite number?
True
Is 950717 composite?
False
Is 1060817 a composite number?
True
Is 28097 composite?
False
Is 2159 a composite number?
True
Is 961 a prime number?
False
Is 443 a prime number?
True
Is 899 prime?
False
Is 4009 a composite number?
True
Is 2140415 a prime number?
False
Is 18949 a composite number?
True
Is 4007 composite?
False
Is 22367 a prime number?
True
Is 589663 a composite number?
True
Is 113559 a prime number?
False
Is 26053 a composite number?
False
Is 73327 a composite number?
False
Is 1483013 prime?
False
Is 3659 a composite number?
False
Is 80849 composite?
False
Is 1996481 composite?
False
Is 149603 composite?
False
Is 26669 a prime number?
True
Is 532459 prime?
False
Is 289183 a composite number?
True
Is 105514 composite?
True
Is 2167 composite?
True
Is 10901 prime?
False
Is 15191 composite?
True
Is 442439 composite?
False
Is 35797 composite?
False
Is 3839 composite?
True
Is 38959 a composite number?
False
Is 326077 a composite number?
True
Is 68711 composite?
False
Is 75269 prime?
True
Is 11777 prime?
True
Is 70097 a prime number?
False
Is 32753 a composite number?
True
Is 176711 prime?
True
Is 81281 composite?
False
Is 327413 a composite number?
True
Is 1087 prime?
True
Is 6411 prime?
False
Is 72859 prime?
True
Is 85161 composite?
True
Is 50627 prime?
True
Is 395249 composite?
True
Is 419513 a composite number?
False
Is 80567 prime?
True
Is 144589 prime?
True
Is 7411 prime?
True
Is 628471 prime?
False
Is 89935 prime?
False
Is 19191 a composite number?
True
Is 381 a composite number?
True
Is 24223 a prime number?
True
Is 1521893 a prime number?
True
Is 503809 a composite number?
True
Is 42505 a prime number?
False
Is 4283 prime?
True
Is 9155 a prime number?
False
Is 59227 composite?
True
Is 6326 composite?
True
Is 254 a prime number?
False
Is 161347 composite?
True
Is 1741 a composite number?
False
Is 30959 composite?
True
Is 564943 a composite number?
True
Is 15371 prime?
False
Is 13309 prime?
True
Is 8921 a composite number?
True
Is 165149 a composite number?
True
Is 16837 composite?
True
Is 177109 prime?
True
Is 62851 composite?
False
Is 35311 a composite number?
False
Is 47599 a composite number?
False
Is 419203 a composite number?
True
Is 97939 composite?
True
Is 326 composite?
True
Is 1009 composite?
False
Is 54941 composite?
False
Is 501 composite?
True
Is 5971 a prime number?
False
Is 1934117 composite?
False
Is 7031 a prime number?
False
Is 2542531 composite?
False
Is 1103087 composite?
False
Is 13997 a prime number?
True
Is 2999 composite?
False
Is 637503 composite?
True
Is 558761 composite?
True
Is 18155 a prime number?
False
Is 2292989 a composite number?
True
Is 500891 composite?
False
Is 216271 a composite number?
True
Is 1747241 a composite number?
True
Is 17551 a prime number?
True
Is 112327 composite?
False
Is 165157 prime?
False
Is 29031 a composite number?
True
Is 7237 a prime number?
True
Is 627227 prime?
True
Is 16658 prime?
False
Is 81343 a prime number?
True
Is 1084403 composite?
False
Is 5476381 composite?
False
Is 4253 a prime number?
True
Is 1711 a prime number?
False
Is 519011 prime?
True
Is 120223 a composite number?
False
Is 92519 composite?
True
Is 8453 a composite number?
True
Is 3551407 composite?
True
Is 176279 a composite number?
True
Is 107641 composite?
False
Is 2719 a prime number?
True
Is 101681 a prime number?
True
Is 152719 prime?
False
Is 23417 composite?
False
Is 52527 a composite number?
True
Is 23339 composite?
False
Is 21781 composite?
True
Is 1291055 composite?
True
Is 4861 composite?
False
Is 1262461 a composite number?
False
Is 471599 composite?
True
Is 10007 composite?
False
Is 11603 a composite number?
True
Is 52597 a prime number?
False
Is 68131 a prime number?
False
Is 8553 a composite number?
True
Is 3707 a prime number?
False
Is 1399 prime?
True
Is 1070627 composite?
True
Is 15443 prime?
True
Is 108943 composite?
False
Is 11183 a composite number?
True
Is 162767 composite?
True
Is 253531 a prime number?
True
Is 683681 prime?
True
Is 185047 composite?
True
Is 7297 composite?
False
Is 34633 a composite number?
True
Is 16729 prime?
True
Is 340058 composite?
True
Is 7607 composite?
False
Is 146161 prime?
True
Is 1285 composite?
True
Is 8605 a composite number?
True
Is 7981 a prime number?
False
Is 34387 a composite number?
True
Is 74143 a composite number?
False
Is 525101 a composite number?
False
Is 637199 prime?
True
Is 120319 composite?
False
Is 1937 prime?
False
Is 224747 a prime number?
False
Is 35831 composite?
False
Is 821 prime?
True
Is 32837 composite?
True
Is 557 composite?
False
Is 2049 a composite number?
True
Is 1716827 composite?
True
Is 1229443 a prime number?
True
Is 80635 a prime number?
False
Is 4889 prime?
True
Is 672967 prime?
True
Is 523927 prime?
True
Is 13873 prime?
True
Is 114139 prime?
False
Is 1219 a prime number?
False
Is 25301 a composite number?
False
Is 5299 prime?
False
Is 71 prime?
True
Is